{"id":2845,"date":"2023-02-01T12:10:11","date_gmt":"2023-02-01T11:10:11","guid":{"rendered":"https:\/\/pubweb.carnet.hr\/hsd\/?page_id=2845"},"modified":"2023-02-01T12:10:11","modified_gmt":"2023-02-01T11:10:11","slug":"programski-i-organizacijski-odbor-2023","status":"publish","type":"page","link":"https:\/\/hsd.hr\/en\/programski-i-organizacijski-odbor-2023\/","title":{"rendered":"Programski i organizacijski odbor"},"content":{"rendered":"<p><span style=\"text-decoration: underline\">PROGRAMSKI ODBOR<\/span><\/p>\n<p><strong>President<\/strong><\/p>\n<p>dr.sc. Inga Tomi\u0107-Koludrovi\u0107, redovita profesorica u trajnom zvanju, Institut dru\u0161tvenih znanosti Ivo Pilar \u2013 podru\u010dni centar Split<\/p>\n<p><strong>\u010clanovi\/ice<\/strong><\/p>\n<p>dr.sc. Valerija Barada, izvanredna profesorica, Odjel za sociologiju, Sveu\u010dili\u0161te u Zadru<\/p>\n<p>dr.sc. Ivanka Buzov, izvanredna profesorica, Odsjek za sociologiju, Filozofski fakultet u Splitu<\/p>\n<p>dr.sc. Dra\u017een Cepi\u0107, docent, Odjel za sociologiju, Sveu\u010dili\u0161te u Zadru<\/p>\n<p>dr.sc. Anita Dremel, izvanredna profesorica, Katedra za sociologiju, Filozofski fakultet u Osijeku<\/p>\n<p>dr.sc. Simona Kuti, vi\u0161a znanstvena suradnica, Institut za migracije i narodnosti<\/p>\n<p>dr.sc. Dra\u017een Lali\u0107, redoviti profesor u trajnom zvanju, Fakultet politi\u010dkih znanosti u Zagrebu<\/p>\n<p>dr.sc. Marija Lon\u010dar, izvanredna profesorica, Odsjek za sociologiju, Filozofski fakultet u Splitu<\/p>\n<p>dr.sc. Sven Marceli\u0107, izvanredni profesor, Odjel za sociologiju, Sveu\u010dili\u0161te u Zadru<\/p>\n<p>dr.sc. Krunoslav Nikodem, redoviti profesor, Odsjek za sociologiju, Filozofski fakultet u Zagrebu<\/p>\n<p>mr.sc. Mirko Petri\u0107, vi\u0161i predava\u010d, Institut dru\u0161tvenih znanosti Ivo Pilar \u2013 podru\u010dni centar Split<\/p>\n<p>dr.sc. Nikola Petrovi\u0107, vi\u0161i znanstveni suradnik, Institut za dru\u0161tvena istra\u017eivanja u Zagrebu<\/p>\n<p>dr.sc. Tijana Trako Poljak, izvanredna profesorica, Odsjek za sociologiju, Filozofski fakultet u Zagrebu<\/p>\n<p>dr.sc. Anita Bu\u0161ljeta Tonkovi\u0107, vi\u0161a znanstvena suradnica, Institut dru\u0161tvenih znanosti Ivo Pilar \u2013 podru\u010dni centar Gospi\u0107<\/p>\n<p>dr.sc. Mateo \u017dani\u0107, vi\u0161i znanstveni suradnik, Institut dru\u0161tvenih znanosti Ivo Pilar \u2013 podru\u010dni centar Vukovar<\/p>\n<p><strong>\u00a0<\/strong><\/p>\n<p><span style=\"text-decoration: underline\">ORGANIZACIJSKI ODBOR<\/span><\/p>\n<p><strong>President<\/strong><\/p>\n<p>dr.sc. Marija Lon\u010dar, izvanredna profesorica, Odsjek za sociologiju, Filozofski fakultet u Splitu<\/p>\n<p><strong>\u010clanovi\/ice<\/strong><\/p>\n<p>dr.sc. Gorana Bandalovi\u0107, izvanredna profesorica, Odsjek za sociologiju, Filozofski fakultet u Splitu<\/p>\n<p>Mirela Biland\u017ei\u0107, mag.soc<\/p>\n<p>Blanka \u0106op, asistentica, Katedra za sociologiju, Pravni fakultet u Splitu<\/p>\n<p>Augustin Derado, asistent, Institut dru\u0161tvenih znanosti Ivo Pilar \u2013 podru\u010dni centar Split<\/p>\n<p>Tea Gutovi\u0107, asistentica, Odsjek za sociologiju, Filozofski fakultet u Splitu<\/p>\n<p>Darija Ivo\u0161evi\u0107, naslovna asistentica, Odsjek za sociologiju, Filozofski fakultet u Splitu<\/p>\n<p>dr.sc. Marko Mareli\u0107, \u0160kola narodnog zdravlja \u201eAndrija \u0160tampar\u201c, Medicinski fakultet u Zagrebu<\/p>\n<p>Toni Popovi\u0107, asistent, Odsjek za sociologiju, Filozofski fakultet u Splitu<\/p>\n<p>dr.sc. Zorana \u0160uljug Vu\u010dica, izvanredna profesorica, Odsjek za sociologiju, Filozofski fakultet u Splitu<\/p>\n<p>Iva \u017duni\u0107, mag.soc., Institut dru\u0161tvenih znanosti Ivo Pilar \u2013 podru\u010dni centar Split<\/p>","protected":false},"excerpt":{"rendered":"<p>PROGRAMSKI ODBOR Predsjednica dr.sc. Inga Tomi\u0107-Koludrovi\u0107, redovita profesorica u trajnom zvanju, Institut dru\u0161tvenih znanosti Ivo Pilar \u2013 podru\u010dni centar Split \u010clanovi\/ice dr.sc. Valerija Barada, izvanredna profesorica, Odjel za sociologiju, Sveu\u010dili\u0161te u Zadru dr.sc. Ivanka Buzov, izvanredna profesorica, Odsjek za sociologiju, Filozofski fakultet u Splitu dr.sc. Dra\u017een Cepi\u0107, docent, Odjel za sociologiju, Sveu\u010dili\u0161te u Zadru dr.sc. &hellip;<\/p>\n<p class=\"read-more\"> <a class=\"\" href=\"https:\/\/hsd.hr\/en\/programski-i-organizacijski-odbor-2023\/\"> <span class=\"screen-reader-text\">Programski i organizacijski odbor<\/span> Read More &raquo;<\/a><\/p>","protected":false},"author":1,"featured_media":0,"parent":0,"menu_order":0,"comment_status":"closed","ping_status":"closed","template":"","meta":{"site-sidebar-layout":"default","site-content-layout":"","ast-site-content-layout":"","site-content-style":"default","site-sidebar-style":"default","ast-global-header-display":"","ast-banner-title-visibility":"","ast-main-header-display":"","ast-hfb-above-header-display":"","ast-hfb-below-header-display":"","ast-hfb-mobile-header-display":"","site-post-title":"","ast-breadcrumbs-content":"","ast-featured-img":"","footer-sml-layout":"","theme-transparent-header-meta":"","adv-header-id-meta":"","stick-header-meta":"","header-above-stick-meta":"","header-main-stick-meta":"","header-below-stick-meta":"","astra-migrate-meta-layouts":"","ast-page-background-enabled":"default","ast-page-background-meta":{"desktop":{"background-color":"var(--ast-global-color-4)","background-image":"","background-repeat":"repeat","background-position":"center center","background-size":"auto","background-attachment":"scroll","background-type":"","background-media":"","overlay-type":"","overlay-color":"","overlay-gradient":""},"tablet":{"background-color":"","background-image":"","background-repeat":"repeat","background-position":"center center","background-size":"auto","background-attachment":"scroll","background-type":"","background-media":"","overlay-type":"","overlay-color":"","overlay-gradient":""},"mobile":{"background-color":"","background-image":"","background-repeat":"repeat","background-position":"center center","background-size":"auto","background-attachment":"scroll","background-type":"","background-media":"","overlay-type":"","overlay-color":"","overlay-gradient":""}},"ast-content-background-meta":{"desktop":{"background-color":"var(--ast-global-color-5)","background-image":"","background-repeat":"repeat","background-position":"center center","background-size":"auto","background-attachment":"scroll","background-type":"","background-media":"","overlay-type":"","overlay-color":"","overlay-gradient":""},"tablet":{"background-color":"var(--ast-global-color-5)","background-image":"","background-repeat":"repeat","background-position":"center center","background-size":"auto","background-attachment":"scroll","background-type":"","background-media":"","overlay-type":"","overlay-color":"","overlay-gradient":""},"mobile":{"background-color":"var(--ast-global-color-5)","background-image":"","background-repeat":"repeat","background-position":"center center","background-size":"auto","background-attachment":"scroll","background-type":"","background-media":"","overlay-type":"","overlay-color":"","overlay-gradient":""}},"footnotes":""},"class_list":["post-2845","page","type-page","status-publish","hentry"],"_links":{"self":[{"href":"https:\/\/hsd.hr\/en\/wp-json\/wp\/v2\/pages\/2845","targetHints":{"allow":["GET"]}}],"collection":[{"href":"https:\/\/hsd.hr\/en\/wp-json\/wp\/v2\/pages"}],"about":[{"href":"https:\/\/hsd.hr\/en\/wp-json\/wp\/v2\/types\/page"}],"author":[{"embeddable":true,"href":"https:\/\/hsd.hr\/en\/wp-json\/wp\/v2\/users\/1"}],"replies":[{"embeddable":true,"href":"https:\/\/hsd.hr\/en\/wp-json\/wp\/v2\/comments?post=2845"}],"version-history":[{"count":0,"href":"https:\/\/hsd.hr\/en\/wp-json\/wp\/v2\/pages\/2845\/revisions"}],"wp:attachment":[{"href":"https:\/\/hsd.hr\/en\/wp-json\/wp\/v2\/media?parent=2845"}],"curies":[{"name":"wp","href":"https:\/\/api.w.org\/{rel}","templated":true}]}}

<p><span style="text-decoration: underline">PROGRAMSKI ODBOR</span></p>
<p><strong>President</strong></p>
<p>dr.sc. Inga Tomić-Koludrović, redovita profesorica u trajnom zvanju, Institut društvenih znanosti Ivo Pilar – područni centar Split</p>
<p><strong>Članovi/ice</strong></p>
<p>dr.sc. Valerija Barada, izvanredna profesorica, Odjel za sociologiju, Sveučilište u Zadru</p>
<p>dr.sc. Ivanka Buzov, izvanredna profesorica, Odsjek za sociologiju, Filozofski fakultet u Splitu</p>
<p>dr.sc. Dražen Cepić, docent, Odjel za sociologiju, Sveučilište u Zadru</p>
<p>dr.sc. Anita Dremel, izvanredna profesorica, Katedra za sociologiju, Filozofski fakultet u Osijeku</p>
<p>dr.sc. Simona Kuti, viša znanstvena suradnica, Institut za migracije i narodnosti</p>
<p>dr.sc. Dražen Lalić, redoviti profesor u trajnom zvanju, Fakultet političkih znanosti u Zagrebu</p>
<p>dr.sc. Marija Lončar, izvanredna profesorica, Odsjek za sociologiju, Filozofski fakultet u Splitu</p>
<p>dr.sc. Sven Marcelić, izvanredni profesor, Odjel za sociologiju, Sveučilište u Zadru</p>
<p>dr.sc. Krunoslav Nikodem, redoviti profesor, Odsjek za sociologiju, Filozofski fakultet u Zagrebu</p>
<p>mr.sc. Mirko Petrić, viši predavač, Institut društvenih znanosti Ivo Pilar – područni centar Split</p>
<p>dr.sc. Nikola Petrović, viši znanstveni suradnik, Institut za društvena istraživanja u Zagrebu</p>
<p>dr.sc. Tijana Trako Poljak, izvanredna profesorica, Odsjek za sociologiju, Filozofski fakultet u Zagrebu</p>
<p>dr.sc. Anita Bušljeta Tonković, viša znanstvena suradnica, Institut društvenih znanosti Ivo Pilar – područni centar Gospić</p>
<p>dr.sc. Mateo Žanić, viši znanstveni suradnik, Institut društvenih znanosti Ivo Pilar – područni centar Vukovar</p>
<p><strong> </strong></p>
<p><span style="text-decoration: underline">ORGANIZACIJSKI ODBOR</span></p>
<p><strong>President</strong></p>
<p>dr.sc. Marija Lončar, izvanredna profesorica, Odsjek za sociologiju, Filozofski fakultet u Splitu</p>
<p><strong>Članovi/ice</strong></p>
<p>dr.sc. Gorana Bandalović, izvanredna profesorica, Odsjek za sociologiju, Filozofski fakultet u Splitu</p>
<p>Mirela Bilandžić, mag.soc</p>
<p>Blanka Ćop, asistentica, Katedra za sociologiju, Pravni fakultet u Splitu</p>
<p>Augustin Derado, asistent, Institut društvenih znanosti Ivo Pilar – područni centar Split</p>
<p>Tea Gutović, asistentica, Odsjek za sociologiju, Filozofski fakultet u Splitu</p>
<p>Darija Ivošević, naslovna asistentica, Odsjek za sociologiju, Filozofski fakultet u Splitu</p>
<p>dr.sc. Marko Marelić, Škola narodnog zdravlja „Andrija Štampar“, Medicinski fakultet u Zagrebu</p>
<p>Toni Popović, asistent, Odsjek za sociologiju, Filozofski fakultet u Splitu</p>
<p>dr.sc. Zorana Šuljug Vučica, izvanredna profesorica, Odsjek za sociologiju, Filozofski fakultet u Splitu</p>
<p>Iva Žunić, mag.soc., Institut društvenih znanosti Ivo Pilar – područni centar Split</p>

<p>PROGRAMSKI ODBOR Predsjednica dr.sc. Inga Tomić-Koludrović, redovita profesorica u trajnom zvanju, Institut društvenih znanosti Ivo Pilar – područni centar Split Članovi/ice dr.sc. Valerija Barada, izvanredna profesorica, Odjel za sociologiju, Sveučilište u Zadru dr.sc. Ivanka Buzov, izvanredna profesorica, Odsjek za sociologiju, Filozofski fakultet u Splitu dr.sc. Dražen Cepić, docent, Odjel za sociologiju, Sveučilište u Zadru dr.sc. &hellip;</p>
<p class="read-more"> <a class="" href="https://hsd.hr/en/programski-i-organizacijski-odbor-2023/"> <span class="screen-reader-text">Programski i organizacijski odbor</span> Read More &raquo;</a></p>
